{"id":6905,"date":"2022-01-27T19:35:02","date_gmt":"2022-01-27T19:35:02","guid":{"rendered":"https:\/\/servipernos.com\/?page_id=6905"},"modified":"2023-11-07T14:08:23","modified_gmt":"2023-11-07T14:08:23","slug":"conica-para-tapacubo","status":"publish","type":"page","link":"https:\/\/servipernos.com\/?page_id=6905","title":{"rendered":"CONICA PARA TAPACUBO"},"content":{"rendered":"\n[et_pb_section fb_built=\u00bb1&#8243; _builder_version=\u00bb4.13.0&#8243; _module_preset=\u00bbdefault\u00bb background_image=\u00bbhttps:\/\/servipernos.com\/wp-content\/uploads\/2022\/01\/fondo-PRINCIPAL8.jpg\u00bb custom_margin=\u00bb0px||0px||false|false\u00bb custom_padding=\u00bb18px||0px||false|false\u00bb locked=\u00bboff\u00bb global_colors_info=\u00bb{}\u00bb][et_pb_row column_structure=\u00bb1_3,1_3,1_3&#8243; _builder_version=\u00bb4.13.0&#8243; _module_preset=\u00bbdefault\u00bb background_enable_color=\u00bboff\u00bb global_colors_info=\u00bb{}\u00bb][et_pb_column type=\u00bb1_3&#8243; _builder_version=\u00bb4.13.0&#8243; _module_preset=\u00bbdefault\u00bb global_colors_info=\u00bb{}\u00bb][et_pb_text _builder_version=\u00bb4.13.0&#8243; _module_preset=\u00bbdefault\u00bb text_font=\u00bbAlata|700|||||||\u00bb text_text_color=\u00bbgcid-e16725be-c912-4bff-a369-b180111f03c9&#8243; text_font_size=\u00bb19px\u00bb link_font=\u00bbAlata|700|||||||\u00bb link_text_color=\u00bbgcid-e16725be-c912-4bff-a369-b180111f03c9&#8243; background_color=\u00bbgcid-0be312bc-3447-4dae-b5cf-2962d3aa2057&#8243; custom_margin=\u00bb-44px|||||\u00bb global_colors_info=\u00bb{%22gcid-e16725be-c912-4bff-a369-b180111f03c9%22:%91%22text_text_color%22,%22link_text_color%22%93,%22gcid-0be312bc-3447-4dae-b5cf-2962d3aa2057%22:%91%22background_color%22%93}\u00bb]<p>\u00a1BIENVENIDO! \u00a0\u00a0 <a href=\"https:\/\/servipernos.com\/?page_id=5370\">INICIAR SESION \u00a0<\/a>|\u00a0 <a href=\"https:\/\/servipernos.com\/?page_id=7149\">REGISTRO<\/a><\/p>[\/et_pb_text][\/et_pb_column][et_pb_column type=\u00bb1_3&#8243; _builder_version=\u00bb4.13.0&#8243; _module_preset=\u00bbdefault\u00bb global_colors_info=\u00bb{}\u00bb][et_pb_text _builder_version=\u00bb4.13.0&#8243; _module_preset=\u00bbdefault\u00bb text_font=\u00bbAlata|700|||||||\u00bb text_text_color=\u00bbgcid-e16725be-c912-4bff-a369-b180111f03c9&#8243; text_font_size=\u00bb45px\u00bb header_2_font=\u00bbAlata|700|||||||\u00bb header_2_text_align=\u00bbcenter\u00bb header_2_text_color=\u00bbgcid-e16725be-c912-4bff-a369-b180111f03c9&#8243; header_2_font_size=\u00bb29px\u00bb background_color=\u00bbgcid-6cd17c80-c9ed-47d1-b7cb-3eb91cab1b69&#8243; text_orientation=\u00bbcenter\u00bb width=\u00bb100%\u00bb min_height=\u00bb49px\u00bb custom_margin=\u00bb-24px|60px|3px|60px||false\u00bb custom_padding=\u00bb9px|2px|0px|0px||\u00bb global_colors_info=\u00bb{%22gcid-e16725be-c912-4bff-a369-b180111f03c9%22:%91%22header_2_text_color%22,%22text_text_color%22,%22header_2_text_color%22,%22text_text_color%22%93,%22gcid-6cd17c80-c9ed-47d1-b7cb-3eb91cab1b69%22:%91%22background_color%22,%22background_color%22%93}\u00bb]<h2 class=\"et_pb_slide_title et-fb-editable-element et-fb-editable-element__editing\" data-shortcode-id=\"1.0.0-1644524110251\" data-quickaccess-id=\"header\" contenteditable=\"true\">TUERCA DE RUEDA CONICA PARA TAPACUBO<\/h2>[\/et_pb_text][\/et_pb_column][et_pb_column type=\u00bb1_3&#8243; _builder_version=\u00bb4.13.0&#8243; _module_preset=\u00bbdefault\u00bb global_colors_info=\u00bb{}\u00bb][et_pb_search button_color=\u00bbgcid-0be312bc-3447-4dae-b5cf-2962d3aa2057&#8243; placeholder_color=\u00bbgcid-9924b95b-e4dc-40ee-a927-d7d276d0ee15&#8243; _builder_version=\u00bb4.13.0&#8243; _module_preset=\u00bbdefault\u00bb form_field_background_color=\u00bb#FFFFFF\u00bb form_field_text_color=\u00bbgcid-74babab7-f6a5-481b-ac1a-1d2f5b6e7c18&#8243; button_font=\u00bbAlata|700|||||||\u00bb button_text_color=\u00bbgcid-e16725be-c912-4bff-a369-b180111f03c9&#8243; button_font_size=\u00bb13px\u00bb form_field_font=\u00bbAlata|700|||||||\u00bb form_field_font_size=\u00bb12px\u00bb custom_margin=\u00bb1px||2px|165px||\u00bb border_radii=\u00bbon||||\u00bb border_width_all=\u00bb2px\u00bb border_color_all=\u00bbgcid-74babab7-f6a5-481b-ac1a-1d2f5b6e7c18&#8243; global_colors_info=\u00bb{%22gcid-74babab7-f6a5-481b-ac1a-1d2f5b6e7c18%22:%91%22border_color_all%22,%22form_field_text_color%22%93,%22gcid-0be312bc-3447-4dae-b5cf-2962d3aa2057%22:%91%22button_color%22%93,%22gcid-e16725be-c912-4bff-a369-b180111f03c9%22:%91%22button_text_color%22%93,%22gcid-9924b95b-e4dc-40ee-a927-d7d276d0ee15%22:%91%22placeholder_color%22%93}\u00bb][\/et_pb_search][\/et_pb_column][\/et_pb_row][\/et_pb_section][et_pb_section fb_built=\u00bb1&#8243; specialty=\u00bbon\u00bb _builder_version=\u00bb4.13.0&#8243; _module_preset=\u00bbdefault\u00bb use_background_color_gradient=\u00bbon\u00bb background_color_gradient_start=\u00bbgcid-0be312bc-3447-4dae-b5cf-2962d3aa2057&#8243; background_color_gradient_end=\u00bbgcid-e8dbf779-8133-44fd-93ef-e6f5565eddbd\u00bb background_color_gradient_direction=\u00bb25deg\u00bb background_color_gradient_start_position=\u00bb46%\u00bb background_color_gradient_end_position=\u00bb57%\u00bb top_divider_style=\u00bbgraph4&#8243; top_divider_color=\u00bbgcid-74babab7-f6a5-481b-ac1a-1d2f5b6e7c18&#8243; top_divider_height=\u00bb158px\u00bb top_divider_repeat=\u00bb1x\u00bb bottom_divider_style=\u00bbgraph4&#8243; bottom_divider_color=\u00bb#2284B5&#8243; bottom_divider_height=\u00bb180px\u00bb locked=\u00bboff\u00bb global_colors_info=\u00bb{%22gcid-74babab7-f6a5-481b-ac1a-1d2f5b6e7c18%22:%91%22top_divider_color%22%93,%22gcid-0be312bc-3447-4dae-b5cf-2962d3aa2057%22:%91%22colorStart%22%93}\u00bb][et_pb_column type=\u00bb1_4&#8243; _builder_version=\u00bb3.25&#8243; custom_padding=\u00bb|||\u00bb global_colors_info=\u00bb{}\u00bb custom_padding__hover=\u00bb|||\u00bb][\/et_pb_column][et_pb_column type=\u00bb1_2&#8243; specialty_columns=\u00bb2&#8243; _builder_version=\u00bb3.25&#8243; custom_padding=\u00bb|||\u00bb global_colors_info=\u00bb{}\u00bb custom_padding__hover=\u00bb|||\u00bb][et_pb_row_inner column_structure=\u00bb1_3,1_3,1_3&#8243; _builder_version=\u00bb4.13.0&#8243; _module_preset=\u00bbdefault\u00bb background_enable_color=\u00bboff\u00bb custom_margin=\u00bb-49px||93px||false|false\u00bb custom_padding=\u00bb0px||0px||false|false\u00bb locked=\u00bboff\u00bb global_colors_info=\u00bb{}\u00bb][et_pb_column_inner type=\u00bb1_3&#8243; saved_specialty_column_type=\u00bb1_2&#8243; _builder_version=\u00bb4.13.0&#8243; _module_preset=\u00bbdefault\u00bb global_colors_info=\u00bb{}\u00bb][et_pb_button button_url=\u00bbhttps:\/\/servipernos.com\/?page_id=5324&#8243; button_text=\u00bbProductos\u00bb _builder_version=\u00bb4.13.0&#8243; _module_preset=\u00bbdefault\u00bb custom_button=\u00bbon\u00bb button_text_color=\u00bbgcid-e16725be-c912-4bff-a369-b180111f03c9&#8243; button_border_width=\u00bb2px\u00bb button_border_radius=\u00bb17px\u00bb button_font=\u00bbAlata|700|||||||\u00bb button_use_icon=\u00bboff\u00bb custom_margin=\u00bb|730px||-415px|false|false\u00bb custom_padding=\u00bb0px|6px|0px|9px|false|false\u00bb global_colors_info=\u00bb{%22gcid-e16725be-c912-4bff-a369-b180111f03c9%22:%91%22button_text_color%22%93}\u00bb][\/et_pb_button][\/et_pb_column_inner][et_pb_column_inner type=\u00bb1_3&#8243; saved_specialty_column_type=\u00bb1_2&#8243; _builder_version=\u00bb4.13.0&#8243; _module_preset=\u00bbdefault\u00bb global_colors_info=\u00bb{}\u00bb][et_pb_button button_url=\u00bbhttps:\/\/servipernos.com\/?page_id=5875&#8243; button_text=\u00bbAutomotriz\u00bb _builder_version=\u00bb4.13.0&#8243; _module_preset=\u00bbdefault\u00bb custom_button=\u00bbon\u00bb button_text_color=\u00bbgcid-e16725be-c912-4bff-a369-b180111f03c9&#8243; button_border_width=\u00bb2px\u00bb button_border_radius=\u00bb17px\u00bb button_font=\u00bbAlata|700|||||||\u00bb button_use_icon=\u00bboff\u00bb custom_margin=\u00bb|817px||-497px|false|false\u00bb custom_padding=\u00bb0px|6px|0px|8px|false|false\u00bb locked=\u00bboff\u00bb global_colors_info=\u00bb{%22gcid-e16725be-c912-4bff-a369-b180111f03c9%22:%91%22button_text_color%22%93}\u00bb][\/et_pb_button][\/et_pb_column_inner][et_pb_column_inner type=\u00bb1_3&#8243; saved_specialty_column_type=\u00bb1_2&#8243; _builder_version=\u00bb4.13.0&#8243; _module_preset=\u00bbdefault\u00bb global_colors_info=\u00bb{}\u00bb][et_pb_button button_url=\u00bbhttps:\/\/servipernos.com\/?page_id=5977&#8243; button_text=\u00bbT. Rueda\u00bb _builder_version=\u00bb4.13.0&#8243; _module_preset=\u00bbdefault\u00bb custom_button=\u00bbon\u00bb button_text_color=\u00bbgcid-e16725be-c912-4bff-a369-b180111f03c9&#8243; button_border_width=\u00bb2px\u00bb button_border_radius=\u00bb17px\u00bb button_font=\u00bbAlata|700|||||||\u00bb button_icon=\u00bb&#xf0a5;||fa||900&#8243; button_icon_placement=\u00bbleft\u00bb button_on_hover=\u00bboff\u00bb custom_margin=\u00bb|||-570px|false|false\u00bb custom_padding=\u00bb0px|6px|0px|30px|false|false\u00bb locked=\u00bboff\u00bb global_colors_info=\u00bb{%22gcid-e16725be-c912-4bff-a369-b180111f03c9%22:%91%22button_text_color%22%93}\u00bb][\/et_pb_button][\/et_pb_column_inner][\/et_pb_row_inner][et_pb_row_inner column_structure=\u00bb1_2,1_2&#8243; _builder_version=\u00bb4.13.0&#8243; _module_preset=\u00bbdefault\u00bb width=\u00bb184.2%\u00bb min_height=\u00bb427px\u00bb custom_margin=\u00bb0px|-1px|-69px|-233px|false|false\u00bb custom_padding=\u00bb0px||0px||false|false\u00bb global_colors_info=\u00bb{}\u00bb][et_pb_column_inner type=\u00bb1_2&#8243; saved_specialty_column_type=\u00bb1_2&#8243; _builder_version=\u00bb4.13.0&#8243; _module_preset=\u00bbdefault\u00bb global_colors_info=\u00bb{}\u00bb][et_pb_blurb title=\u00bbTIPO:\u00bb image=\u00bbhttps:\/\/servipernos.com\/wp-content\/uploads\/2022\/02\/70-PhotoRoom.png\u00bb image_icon_width=\u00bb89%\u00bb _builder_version=\u00bb4.13.0&#8243; _module_preset=\u00bbdefault\u00bb header_font=\u00bbAlata|700|||||||\u00bb header_text_align=\u00bbleft\u00bb header_text_color=\u00bbgcid-e16725be-c912-4bff-a369-b180111f03c9&#8243; header_font_size=\u00bb25px\u00bb body_font=\u00bbAlata|700|||||||\u00bb body_text_align=\u00bbjustify\u00bb body_text_color=\u00bb#000000&#8243; body_font_size=\u00bb15px\u00bb background_enable_color=\u00bboff\u00bb width=\u00bb68%\u00bb custom_margin=\u00bb|-77px||92px||\u00bb custom_padding=\u00bb||0px|0px||\u00bb global_colors_info=\u00bb{%22gcid-beb1c924-756a-4026-bac4-ecc35407d947%22:%91%22background_color%22,%22background_color%22,%22background_color%22,%22background_color%22%93,%22gcid-e16725be-c912-4bff-a369-b180111f03c9%22:%91%22header_text_color%22%93}\u00bb]<p><span>Tuercas C\u00f3nicas de Rueda Cromadas de Lujo Largas con rodela met\u00e1lica, para uso en veh\u00edculos que utilizan tapacubos. La tuerca tiene rosca interna para esp\u00e1rragos de 12mm de di\u00e1metro paso 1.50. Tiene rosca externa para sujetar el tapacubos\u00a0en di\u00e1metro\u00a024mm paso 1.50. Se ajusta con llave de rueda o dado 19mm.<\/span><\/p>[\/et_pb_blurb][\/et_pb_column_inner][et_pb_column_inner type=\u00bb1_2&#8243; saved_specialty_column_type=\u00bb1_2&#8243; _builder_version=\u00bb4.13.0&#8243; _module_preset=\u00bbdefault\u00bb global_colors_info=\u00bb{}\u00bb][et_pb_blurb title=\u00bbAPLICACIONES:\u00bb use_icon=\u00bbon\u00bb image_icon_width=\u00bb89%\u00bb _builder_version=\u00bb4.13.0&#8243; _module_preset=\u00bbdefault\u00bb header_font=\u00bbAlata|700|||||||\u00bb header_text_align=\u00bbleft\u00bb header_text_color=\u00bbgcid-e16725be-c912-4bff-a369-b180111f03c9&#8243; header_font_size=\u00bb25px\u00bb body_font=\u00bbAlata|700|||||||\u00bb body_text_align=\u00bbjustify\u00bb body_text_color=\u00bb#000000&#8243; body_font_size=\u00bb15px\u00bb width=\u00bb79.1%\u00bb custom_margin=\u00bb|||7px||\u00bb custom_padding=\u00bb||0px|||\u00bb locked=\u00bboff\u00bb global_colors_info=\u00bb{%22gcid-e16725be-c912-4bff-a369-b180111f03c9%22:%91%22header_text_color%22%93}\u00bb]<p><span>Recomendamos su utilizaci\u00f3n para aplicaciones industriales y automotrices.<\/span><\/p>[\/et_pb_blurb][\/et_pb_column_inner][\/et_pb_row_inner][et_pb_row_inner _builder_version=\u00bb4.13.0&#8243; _module_preset=\u00bbdefault\u00bb background_enable_color=\u00bboff\u00bb custom_margin=\u00bb-180px||0px||false|false\u00bb custom_padding=\u00bb0px||0px||false|false\u00bb locked=\u00bboff\u00bb global_colors_info=\u00bb{}\u00bb][et_pb_column_inner saved_specialty_column_type=\u00bb1_2&#8243; _builder_version=\u00bb4.13.0&#8243; _module_preset=\u00bbdefault\u00bb global_colors_info=\u00bb{}\u00bb][et_pb_text _builder_version=\u00bb4.13.0&#8243; _module_preset=\u00bbdefault\u00bb text_font=\u00bbAlata|700|||||||\u00bb text_text_color=\u00bbgcid-e16725be-c912-4bff-a369-b180111f03c9&#8243; text_font_size=\u00bb25px\u00bb text_orientation=\u00bbcenter\u00bb custom_margin=\u00bb||4px|||\u00bb global_colors_info=\u00bb{%22gcid-e16725be-c912-4bff-a369-b180111f03c9%22:%91%22text_text_color%22%93}\u00bb]<p>MEDIDAS<\/p>[\/et_pb_text][et_pb_image src=\u00bbhttps:\/\/servipernos.com\/wp-content\/uploads\/2022\/01\/TCAM.jpg\u00bb title_text=\u00bbTCAM\u00bb _builder_version=\u00bb4.13.0&#8243; _module_preset=\u00bbdefault\u00bb min_height=\u00bb231.9px\u00bb custom_margin=\u00bb1px|-144px|23px|-2px||\u00bb custom_padding=\u00bb0px||2px|0px||\u00bb locked=\u00bboff\u00bb global_colors_info=\u00bb{}\u00bb width=\u00bb100%\u00bb][\/et_pb_image][\/et_pb_column_inner][\/et_pb_row_inner][\/et_pb_column][et_pb_column type=\u00bb1_4&#8243; _builder_version=\u00bb3.25&#8243; custom_padding=\u00bb|||\u00bb global_colors_info=\u00bb{}\u00bb custom_padding__hover=\u00bb|||\u00bb][\/et_pb_column][\/et_pb_section]\n","protected":false},"excerpt":{"rendered":"<p>\u00a1BIENVENIDO! \u00a0\u00a0 INICIAR SESION \u00a0|\u00a0 REGISTROTUERCA DE RUEDA CONICA PARA TAPACUBOTuercas C\u00f3nicas de Rueda Cromadas de Lujo Largas con rodela met\u00e1lica, para uso en veh\u00edculos que utilizan tapacubos. La tuerca tiene rosca interna para esp\u00e1rragos de 12mm de di\u00e1metro paso 1.50. Tiene rosca externa para sujetar el tapacubos\u00a0en di\u00e1metro\u00a024mm paso 1.50. Se ajusta con llave [&hellip;]<\/p>\n","protected":false},"author":1,"featured_media":0,"parent":0,"menu_order":0,"comment_status":"closed","ping_status":"closed","template":"","meta":{"_et_pb_use_builder":"on","_et_pb_old_content":"","_et_gb_content_width":"","_monsterinsights_skip_tracking":false,"_monsterinsights_sitenote_active":false,"_monsterinsights_sitenote_note":"","_monsterinsights_sitenote_category":0,"_joinchat":[],"footnotes":""},"class_list":["post-6905","page","type-page","status-publish","hentry"],"aioseo_notices":[],"_links":{"self":[{"href":"https:\/\/servipernos.com\/index.php?rest_route=\/wp\/v2\/pages\/6905","targetHints":{"allow":["GET"]}}],"collection":[{"href":"https:\/\/servipernos.com\/index.php?rest_route=\/wp\/v2\/pages"}],"about":[{"href":"https:\/\/servipernos.com\/index.php?rest_route=\/wp\/v2\/types\/page"}],"author":[{"embeddable":true,"href":"https:\/\/servipernos.com\/index.php?rest_route=\/wp\/v2\/users\/1"}],"replies":[{"embeddable":true,"href":"https:\/\/servipernos.com\/index.php?rest_route=%2Fwp%2Fv2%2Fcomments&post=6905"}],"version-history":[{"count":10,"href":"https:\/\/servipernos.com\/index.php?rest_route=\/wp\/v2\/pages\/6905\/revisions"}],"predecessor-version":[{"id":7915,"href":"https:\/\/servipernos.com\/index.php?rest_route=\/wp\/v2\/pages\/6905\/revisions\/7915"}],"wp:attachment":[{"href":"https:\/\/servipernos.com\/index.php?rest_route=%2Fwp%2Fv2%2Fmedia&parent=6905"}],"curies":[{"name":"wp","href":"https:\/\/api.w.org\/{rel}","templated":true}]}}